27?
79
What is the remainder when 123715 is divided by 30?
25
What is the remainder when 43369 is divided by 189?
88
What is the remainder when 3732 is divided by 415?
412
What is the remainder when 114399 is divided by 513?
0
Calculate the remainder when 58027 is divided by 14489.
71
Calculate the remainder when 3880 is divided by 37.
32
What is the remainder when 30001 is divided by 14988?
25
What is the remainder when 8605 is divided by 429?
25
What is the remainder when 3569 is divided by 234?
59
What is the remainder when 205839 is divided by 377?
374
What is the remainder when 313076 is divided by 1177?
1171
What is the remainder when 4911 is divided by 409?
3
Calculate the remainder when 28788 is divided by 5667.
453
What is the remainder when 391849 is divided by 195905?
39
Calculate the remainder when 1258 is divided by 87.
40
What is the remainder when 13336 is divided by 137?
47
Calculate the remainder when 19315 is divided by 37.
1
What is the remainder when 1966 is divided by 10?
6
What is the remainder when 105 is divided by 30?
15
Calculate the remainder when 5105 is divided by 8.
1
What is the remainder when 523153 is divided by 669?
664
Calculate the remainder when 4120 is divided by 296.
272
What is the remainder when 23527 is divided by 493?
356
What is the remainder when 347398 is divided by 1572?
1558
What is the remainder when 132433 is divided by 602?
595
What is the remainder when 3532 is divided by 36?
4
What is the remainder when 376264 is divided by 104?
96
Calculate the remainder when 393584 is divided by 1508.
1504
What is the remainder when 20422 is divided by 217?
24
What is the remainder when 482729 is divided by 50?
29
What is the remainder when 78275 is divided by 291?
287
Calculate the remainder when 944 is divided by 637.
307
What is the remainder when 2201 is divided by 684?
149
Calculate the remainder when 86780 is divided by 86738.
42
What is the remainder when 3118 is divided by 3113?
5
What is the remainder when 99914 is divided by 621?
554
What is the remainder when 486211 is divided by 69?
37
What is the remainder when 1688 is divided by 32?
24
What is the remainder when 26554 is divided by 4342?
502
What is the remainder when 7859 is divided by 97?
2
What is the remainder when 13616 is divided by 125?
116
Calculate the remainder when 1223 is divided by 205.
198
Calculate the remainder when 108224 is divided by 79.
73
What is the remainder when 18189 is divided by 18177?
12
Calculate the remainder when 1040987 is divided by 82.
79
What is the remainder when 183132 is divided by 133?
124
What is the remainder when 525874 is divided by 233?
226
Calculate the remainder when 1949 is divided by 310.
89
Calculate the remainder when 8921 is divided by 1774.
51
What is the remainder when 1079 is divided by 282?
233
What is the remainder when 57403 is divided by 9567?
1
What is the remainder when 3099 is divided by 239?
231
What is the remainder when 3497 is divided by 125?
122
Calculate the remainder when 15792 is divided by 15781.
11
What is the remainder when 40812 is divided by 5095?
52
Calculate the remainder when 2771 is divided by 382.
97
What is the remainder when 34877 is divided by 12?
5
What is the remainder when 15799 is divided by 33?
25
Calculate the remainder when 2587 is divided by 2537.
50
Calculate the remainder when 28000 is divided by 67.
61
Calculate the remainder when 203257 is divided by 67750.
7
What is the remainder when 8358 is divided by 1043?
14
What is the remainder when 59982 is divided by 674?
670
Calculate the remainder when 4059 is divided by 15.
9
Calculate the remainder when 1203106 is divided by 310.
306
What is the remainder when 17180 is divided by 61?
39
What is the remainder when 296837 is divided by 46?
45
Calculate the remainder when 26741 is divided by 5.
1
Calculate the remainder when 83519 is divided by 29.
28
Calculate the remainder when 4319 is divided by 217.
196
What is the remainder when 32275 is divided by 17?
9
What is the remainder when 8542 is divided by 1402?
130
What is the remainder when 23603 is divided by 3?
2
What is the remainder when 66821 is divided by 33403?
15
Calculate the remainder when 19134 is divided by 79.
16
Calculate the remainder when 41358 is divided by 43.
35
What is the remainder when 32834 is divided by 199?
198
What is the remainder when 59630 is divided by 710?
700
Calculate the remainder when 370390 is divided by 587.
580
What is the remainder when 211383 is divided by 105686?
11
Calculate the remainder when 1208287 is divided by 402759.
10
What is the remainder when 2267 is divided by 378?
377
What is the remainder when 232 is divided by 102?
28
What is the remainder when 64078 is divided by 53?
1
What is the remainder when 102080 is divided by 1147?
1144
What is the remainder when 30103 is divided by 223?
221
What is the remainder when 184812 is divided by 61601?
9
Calculate the remainder when 787 is divided by 152.
27
Calculate the remainder when 5766 is divided by 5756.
10
Calculate the remainder when 29060 is divided by 1452.
20
Calculate the remainder when 3914 is divided by 814.
658
Calculate the remainder when 18200 is divided by 17.
10
Calculate the remainder when 347 is divided by 174.
173
Calculate the remainder when 26490 is divided by 125.
115
Calculate the remainder when 7208 is divided by 1373.
343
Calculate the remainder when 13635 is divided by 33.
6
Calculate the remainder when 1630 is divided by 533.
31
Calculate the remainder when 6613 is divided by 82.
53
What is the remainder when 3177 is divided by 59?
50
What is the remainder when 124164 is divided by 567?
558
Calculate the remainder when 1314 is divided by 1232.
82
What is the remainder when 155 is divided by 4?
3
What is the remainder when 2315345 is divided by 11?
10
Calculate the remainder when 160659 is divided by 2434.
15
Calculate the remainder when 34173 is divided by 397.
31
Calculate the remainder when 1568 is divided by 391.
4
Calculate the remainder when 53437 is divided by 320.
317
Calculate the remainder when 4222 is divided by 418.
42
What is the remainder when 5805 is divided by 132?
129
What is the remainder when 437470 is divided by 716?
710
What is the remainder when 4757 is divided by 2159?
439
What is the remainder when 22174 is divided by 1367?
302
Calculate the remainder when 2065 is divided by 26.
11
Calculate the remainder when 189327 is divided by 140.
47
Calculate the remainder when 453 is divided by 2.
1
What is the remainder when 10844 is divided by 247?
223
What is the remainder when 50505 is divided by 472?
1
Calculate the remainder when 38442 is divided by 178.
172
What is the remainder when 8833 is divided by 404?
349
What is the remainder when 1253 is divided by 241?
48
What is the remainder when 26718 is divided by 32?
30
What is the remainder when 464822 is divided by 215?
207
What is the remainder when 275 is divided by 185?
90
Calculate the remainder when 14382 is divided by 4789.
15
Calculate the remainder when 10890 is divided by 47.
33
Calculate the remainder when 6943 is divided by 28.
27
Calculate the remainder when 434959 is divided by 268.
263
Calculate the remainder when 111748 is divided by 694.
14
What is the remainder when 10334 is divided by 9645?
689
Calculate the remainder when 420717 is divided by 45.
12
What is the remainder when 21490 is divided by 199?
197
Calculate the remainder when 1175 is divided by 387.
14
Calculate the remainder when 658 is divided by 511.
147
Calculate the remainder when 2172 is divided by 1026.
120
What is the remainder when 2580917 is divided by 10?
7
Calculate the remainder when 23030 is divided by 1770.
20
Calculate the remainder when 15938 is divided by 7961.
16
Calculate the remainder when 6960951 is divided by 418.
415
Calculate the remainder when 193020 is divided by 512.
508
What is the remainder when 156593 is divided by 78293?
7
Calculate the remainder when 3181 is divided by 177.
172
What is the remainder when 3380 is divided by 911?
647
Calculate the remainder when 1823 is divided by 439.
67
What is the remainder when 250596 is divided by 83525?
21
What is the remainder when 5616 is divided by 2664?
288
Calculate the remainder when 9489 is divided by 862.
7
Cal